{"id":166,"date":"2016-07-22T14:53:19","date_gmt":"2016-07-22T14:53:19","guid":{"rendered":"http:\/\/test.luqaleather.com\/?page_id=166"},"modified":"2023-04-26T12:07:42","modified_gmt":"2023-04-26T12:07:42","slug":"my-services","status":"publish","type":"page","link":"https:\/\/test.luqaleather.com\/?page_id=166","title":{"rendered":"Hizmetlerimiz"},"content":{"rendered":"<p>[vc_row][vc_column][vc_raw_html]JTNDZGl2JTIwaWQlM0QlMjJzY19zZXJ2aWNlc18xNjc3NjU0MjgyJTIyJTIwY2xhc3MlM0QlMjJzY19zZXJ2aWNlcyUyMHNjX3NlcnZpY2VzX3N0eWxlX3NlcnZpY2VzLTElMjBzY19zZXJ2aWNlc190eXBlX2ltYWdlcyUyMCUyMiUyMHN0eWxlJTNEJTIyd2lkdGglM0ExMDAlMjUlM0IlMjIlM0UlM0NoNiUyMGNsYXNzJTNEJTIyc2Nfc2VydmljZXNfc3VidGl0bGUlMjBzY19pdGVtX3N1YnRpdGxlJTIyJTNFSGl6bWV0bGVyaW1peiUzQyUyRmg2JTNFJTNDaDIlMjBjbGFzcyUzRCUyMnNjX3NlcnZpY2VzX3RpdGxlJTIwc2NfaXRlbV90aXRsZSUyMHNjX2l0ZW1fdGl0bGVfd2l0aG91dF9kZXNjciUyMiUzRVNpemUlMjBOYXMlQzQlQjFsJTIwWWFyZCVDNCVCMW1jJUM0JUIxJTIwT2xhYmlsaXJpeiUzRiUzQyUyRmgyJTNFJTNDJTJGZGl2JTNF[\/vc_raw_html][\/vc_column][\/vc_row][vc_row][vc_column][vc_tta_tabs alignment=&#8221;center&#8221; active_section=&#8221;1&#8243;][vc_tta_section title=&#8221;Dropship&#8221; tab_id=&#8221;1680699411062-6d4c8dac-0499&#8243;][vc_single_image image=&#8221;438&#8243; img_size=&#8221;500&#215;300&#8243; alignment=&#8221;center&#8221;][vc_column_text]<\/p>\n<h4 style=\"text-align: center;\">Dropship<\/h4>\n<p>Etsy amazon sipari\u015flerinizi sizin i\u00e7in haz\u0131rlay\u0131p isterseniz ABD\u2019 de bulunan kendi deponuza isterseniz de farkl\u0131 lokasyonlarda bulunan depolar\u0131m\u0131zdan direkt m\u00fc\u015fterilerinize g\u00f6nderiyoruz.<\/p>\n<p>Sipari\u015flerinizi sizin yerinize biz haz\u0131rl\u0131yoruz. Siz sadece bilgisayar ba\u015f\u0131nda hesab\u0131n\u0131z\u0131 y\u00f6netip, m\u00fc\u015fterilerinizle ileti\u015fim halinde oluyorsunuz<\/p>\n<p>Online ticaretin hassasiyetlerini, h\u0131zl\u0131 kargonun \u00f6nemini, m\u00fc\u015fteri memnuniyetinin sat\u0131\u015flardaki etkisini tecr\u00fcbelerimiz sayesinde biliyoruz<\/p>\n<p>Stok derdiniz yok. \u0130\u015f\u00e7ilik maliyeti yok. Yer kiralama derdiniz yok. Makina ar\u0131zalar\u0131 probleminiz yok. Hatal\u0131 bask\u0131, defolu \u00fcr\u00fcn gibi sorunlar\u0131n\u0131z yok<\/p>\n<p>Haz\u0131rda devam eden bir deri i\u015finiz varsa ve i\u015finizin detaylar\u0131ndan yorulduysan\u0131z veya s\u0131f\u0131rdan ba\u015flamak istiyorsan\u0131z l\u00fctfen bizimle ileti\u015fime ge\u00e7iniz[\/vc_column_text][\/vc_tta_section][vc_tta_section title=&#8221;Markala\u015fma S\u00fcreci&#8221; tab_id=&#8221;1680699752771-d1937529-6137&#8243;][vc_single_image image=&#8221;438&#8243; img_size=&#8221;500&#215;300&#8243; alignment=&#8221;center&#8221;][vc_column_text]<\/p>\n<h4 style=\"text-align: center;\">MARKALA\u015eMA S\u00dcREC\u0130<\/h4>\n<p>Tecr\u00fcbemizi payla\u015fal\u0131m, size bir yol haritas\u0131 \u00e7izelim ve art\u0131k siz de kendi markan\u0131z\u0131 y\u00f6netin. Birlikte \u00e7al\u0131\u015farak logonuzdan kurumsal kimli\u011finize, web sitenizden ambalajlar\u0131n\u0131za kadar tasarlayal\u0131m.<\/p>\n<p>Hayal etti\u011finiz modelleri tasar\u0131mc\u0131lar\u0131m\u0131z \u00e7izsin, numunelerini haz\u0131rlayal\u0131m, veya haz\u0131r koleksiyonumuzdan se\u00e7ece\u011finiz \u00fcr\u00fcnlere sizin logonuzu uygulayal\u0131m. B\u00fct\u00fcn koleksiyonunuzu haz\u0131rlay\u0131p, foto\u011fraf \u00e7ekimlerinize kadar yapal\u0131m. K\u0131saca t\u00fcm markala\u015fma s\u00fcre\u00e7lerini beraber y\u00fcr\u00fctelim. Size sadece y\u00f6netmek kals\u0131n.[\/vc_column_text][\/vc_tta_section][vc_tta_section title=&#8221;ETSY \/ Amazon Sayfa Y\u00f6netimi&#8221; tab_id=&#8221;1680699758565-38d036b6-8ae8&#8243;][vc_single_image image=&#8221;438&#8243; img_size=&#8221;500&#215;300&#8243; alignment=&#8221;center&#8221;][vc_column_text]<\/p>\n<h4 style=\"text-align: center;\">ETSY \/ AMAZON SAYFA Y\u00d6NET\u0130M\u0130<\/h4>\n<p style=\"text-align: center;\">Tecr\u00fcbeli ekibimizle;<\/p>\n<p style=\"text-align: center;\">Ma\u011faza sayfalar\u0131n\u0131n i\u00e7eriklerinin haz\u0131rlanmas\u0131<\/p>\n<p style=\"text-align: center;\">G\u00fcnl\u00fck sipari\u015f takibi<\/p>\n<p style=\"text-align: center;\">Reklam y\u00f6netimi<\/p>\n<p style=\"text-align: center;\">M\u00fc\u015fteri ili\u015fkileri hizmeti<\/p>\n<p>[\/vc_column_text][\/vc_tta_section][vc_tta_section title=&#8221;Foto\u011fraf \u00c7ekimi&#8221; tab_id=&#8221;1680699765380-22b818e3-4523&#8243;][vc_single_image image=&#8221;438&#8243; img_size=&#8221;500&#215;300&#8243; alignment=&#8221;center&#8221;][vc_column_text]<\/p>\n<h4 style=\"text-align: center;\">Foto\u011fraf \u00c7ekimi<\/h4>\n<p>\u00dcr\u00fcn foto\u011fraf\u00e7\u0131l\u0131\u011f\u0131 son y\u0131llarda e-ticaret sitelerinin ve sosyal medya platformlar\u0131n\u0131n artmas\u0131yla birlikte olduk\u00e7a \u00f6nemli hale geldi. Bir \u00fcr\u00fcn\u00fcn ba\u015far\u0131l\u0131 bir \u015fekilde sat\u0131labilmesi i\u00e7in m\u00fc\u015fterilerin \u00fcr\u00fcne ait ger\u00e7ek\u00e7i ve \u00e7ekici g\u00f6rseller g\u00f6rmesi gerekmektedir. Bu nedenle, \u00fcr\u00fcn foto\u011fraf \u00e7ekiminizi en do\u011fru \u015fekilde yap\u0131p sizlere sunuyoruz.<\/p>\n<p>M\u00fc\u015fterilerinizin ihtiya\u00e7lar\u0131na g\u00f6re farkl\u0131 \u00e7ekim stilleri kullanarak \u00fcr\u00fcnlerinizi en iyi \u015fekilde g\u00f6steren foto\u011fraflar \u00e7ekeriz.<br \/>\n\u00e7ekimlerimizde \u00fcr\u00fcn\u00fcn\u00fcz\u00fcn ger\u00e7ek rengini ve dokusunu yans\u0131t\u0131r kaliteli \u00e7ekimler yaparak \u00fcr\u00fcnlerinizi ger\u00e7e\u011fe en yak\u0131n \u015fekilde sergileme imakn\u0131na kavu\u015ftururuz.<\/p>\n<p>\u00c7ekti\u011fimiz foto\u011fraflar\u0131 d\u00fczenleyerek, \u0131\u015f\u0131k ayarlar\u0131n\u0131, renkleri ve keskinlik ayarlar\u0131n\u0131 yaparak \u00fcr\u00fcnlerinizi daha \u00e7ekici hale getirmenize yard\u0131mc\u0131 oluruz.<\/p>\n<p>\u00dcr\u00fcnlerinizi 360 derece \u00e7ekerek, m\u00fc\u015fterilerin \u00fcr\u00fcn\u00fcn\u00fcz\u00fcn her a\u00e7\u0131s\u0131n\u0131 g\u00f6rmelerini sa\u011flayarak kalitenizi ortaya koyacak \u00e7ekimleri yapar\u0131z.<\/p>\n<p>\u00dcr\u00fcnlerinizi video format\u0131nda da \u00e7ekebiliriz. Bu, \u00fcr\u00fcnlerinizin \u00f6zelliklerini daha iyi g\u00f6stermenizi ve m\u00fc\u015fterilerin \u00fcr\u00fcnleriniz hakk\u0131nda daha iyi bir fikir edinmelerini sa\u011flar.<\/p>\n<p>\u00dcr\u00fcnlerinizi st\u00fcdyo veya d\u0131\u015f mekanda \u00e7ekebiliriz.<\/p>\n<p>\u00dcr\u00fcnlerinizi h\u0131zl\u0131 bir \u015fekilde \u00e7ekerek, m\u00fc\u015fterilerinize daha k\u0131sa s\u00fcrede sunabilmenizi sa\u011flar\u0131z.<\/p>\n<p>Sonu\u00e7 olarak, \u00fcr\u00fcn \u00e7ekim hizmeti vermek, m\u00fc\u015fterilerinizi \u00e7ekmek ve sat\u0131\u015flar\u0131n\u0131z\u0131 artt\u0131rmak i\u00e7in son derece \u00f6nemlidir. Yukar\u0131da belirtilen hizmetlerle birlikte, m\u00fc\u015fterilerin ihtiya\u00e7lar\u0131na g\u00f6re farkl\u0131 hizmetler de sunabiliriz. Profesyonel bir \u00fcr\u00fcn \u00e7ekim hizmeti sa\u011flayarak, m\u00fc\u015fterilerinize en iyi hizmeti sunabilir ve i\u015fletmenizin ba\u015far\u0131s\u0131n\u0131 artt\u0131rabiliriz.[\/vc_column_text][\/vc_tta_section][vc_tta_section title=&#8221;Web Sitesi Kurulumu&#8221; tab_id=&#8221;1680699771090-bd31b499-0d80&#8243;][vc_single_image image=&#8221;438&#8243; img_size=&#8221;500&#215;300&#8243; alignment=&#8221;center&#8221;][vc_column_text]<\/p>\n<h4 style=\"text-align: center;\">Web Sitesi Kurulumu<\/h4>\n<p>Websitesi G\u00fcn\u00fcm\u00fczde bir\u00e7ok i\u015fletme i\u00e7in olduk\u00e7a \u00f6nemli hale gelmi\u015ftir. \u0130nternetin hayat\u0131m\u0131z\u0131n her alan\u0131nda kullan\u0131lmas\u0131 ve dijitalle\u015fmenin artmas\u0131 ile birlikte, i\u015fletmeler de dijital varl\u0131klar\u0131n\u0131 art\u0131rarak daha fazla m\u00fc\u015fteriye ula\u015fmak istiyorlar. Bu nedenle, bir\u00e7ok i\u015fletme m\u00fc\u015fterilerinin i\u015fletmesiyle ilgili en do\u011fru bilgiye ula\u015fa bilece\u011fi adresin web sitesi oldu\u011funun fark\u0131ndal\u0131\u011f\u0131ndan dolay\u0131 \u00f6nem vermektedir.<\/p>\n<p>\u0130\u015fletmenizin ihtiya\u00e7lar\u0131na uygun, modern ve kullan\u0131c\u0131 dostu bir web sitesi tasarlayabiliriz.Kullan\u0131c\u0131 dostu y\u00f6netim panelleri sayesinde Tasarlanan web sitesinde, i\u015fletmenizin ihtiya\u00e7lar\u0131na uygun bir \u015fekilde kendi \u00f6zkaynaklar\u0131n\u0131zlada geli\u015ftirebilirsiniz.<\/p>\n<p>Ayr\u0131ca Mevcut web sitenizin bak\u0131m\u0131n\u0131 yaparak, sitenin g\u00fcvenli\u011fini, performans\u0131n\u0131 ve kullan\u0131labilirli\u011fini art\u0131rabiliriz.Zaman\u0131m\u0131zda ceptelefonkullan\u0131c\u0131lar\u0131n say\u0131s\u0131n\u0131n artm\u0131\u015f olmas\u0131ndan dolay\u0131,yapm\u0131\u015f oldu\u011fumuz web siteleri Mobil cihazlarda da do\u011fru bir \u015fekilde g\u00f6r\u00fcnt\u00fclenebilen, kullan\u0131c\u0131 dostu bir web sitesi tasarl\u0131yoruz.Web sitenizin arama motorlar\u0131 taraf\u0131ndan daha iyi indekslenmesini sa\u011flamak i\u00e7in, %100 SEO uyumlu bir web sitesi tasarlamaktay\u0131z.<br \/>\nWeb sitenizi m\u00fc\u015fterileriniz i\u00e7in h\u0131zl\u0131 bir \u015fekilde tasarlayarak, daha k\u0131sa s\u00fcrede online varl\u0131\u011f\u0131n\u0131z\u0131 g\u00f6stermenizi sa\u011flamaktay\u0131z.<\/p>\n<p>K\u0131sacas\u0131 Hizmetlerimiz:<br \/>\n1:Web sitesi geli\u015ftirme<br \/>\n2:Web sitesi bak\u0131m\u0131<br \/>\n3:E-ticaret web sitesi tasar\u0131m\u0131<br \/>\n4:Mobil uyumlu web sitesi tasar\u0131m\u0131<br \/>\n5:SEO uyumlu web sitesi tasar\u0131m\u0131<br \/>\n6:H\u0131zl\u0131 teslimat<br \/>\n7:M\u00fc\u015fteri memnuniyeti\u00a0garantisi[\/vc_column_text][\/vc_tta_section][\/vc_tta_tabs][\/vc_column][\/vc_row]<\/p>\n","protected":false},"excerpt":{"rendered":"<p>[vc_row][vc_column][vc_raw_html]JTNDZGl2JTIwaWQlM0QlMjJzY19zZXJ2aWNlc18xNjc3NjU0MjgyJTIyJTIwY2xhc3MlM0QlMjJzY19zZXJ2aWNlcyUyMHNjX3NlcnZpY2VzX3N0eWxlX3NlcnZpY2VzLTElMjBzY19zZXJ2aWNlc190eXBlX2ltYWdlcyUyMCUyMiUyMHN0eWxlJTNEJTIyd2lkdGglM0ExMDAlMjUlM0IlMjIlM0UlM0NoNiUyMGNsYXNzJTNEJTIyc2Nfc2VydmljZXNfc3VidGl0bGUlMjBzY19pdGVtX3N1YnRpdGxlJTIyJTNFSGl6bWV0bGVyaW1peiUzQyUyRmg2JTNFJTNDaDIlMjBjbGFzcyUzRCUyMnNjX3NlcnZpY2VzX3RpdGxlJTIwc2NfaXRlbV90aXRsZSUyMHNjX2l0ZW1fdGl0bGVfd2l0aG91dF9kZXNjciUyMiUzRVNpemUlMjBOYXMlQzQlQjFsJTIwWWFyZCVDNCVCMW1jJUM0JUIxJTIwT2xhYmlsaXJpeiUzRiUzQyUyRmgyJTNFJTNDJTJGZGl2JTNF[\/vc_raw_html][\/vc_column][\/vc_row][vc_row][vc_column][vc_tta_tabs alignment=&#8221;center&#8221; active_section=&#8221;1&#8243;][vc_tta_section title=&#8221;Dropship&#8221; tab_id=&#8221;1680699411062-6d4c8dac-0499&#8243;][vc_single_image image=&#8221;438&#8243; img_size=&#8221;500&#215;300&#8243; alignment=&#8221;center&#8221;][vc_column_text] Dropship Etsy amazon sipari\u015flerinizi sizin i\u00e7in haz\u0131rlay\u0131p isterseniz ABD\u2019 de bulunan kendi deponuza isterseniz de farkl\u0131 lokasyonlarda bulunan depolar\u0131m\u0131zdan direkt m\u00fc\u015fterilerinize g\u00f6nderiyoruz. Sipari\u015flerinizi sizin yerinize biz haz\u0131rl\u0131yoruz. Siz sadece bilgisayar ba\u015f\u0131nda hesab\u0131n\u0131z\u0131 y\u00f6netip, m\u00fc\u015fterilerinizle ileti\u015fim halinde oluyorsunuz Online ticaretin hassasiyetlerini, h\u0131zl\u0131 kargonun \u00f6nemini, m\u00fc\u015fteri memnuniyetinin sat\u0131\u015flardaki etkisini [&hellip;]<\/p>\n","protected":false},"author":1,"featured_media":0,"parent":0,"menu_order":0,"comment_status":"closed","ping_status":"closed","template":"","meta":{"footnotes":""},"class_list":["post-166","page","type-page","status-publish","hentry"],"_hostinger_reach_plugin_has_subscription_block":false,"_hostinger_reach_plugin_is_elementor":false,"_links":{"self":[{"href":"https:\/\/test.luqaleather.com\/index.php?rest_route=\/wp\/v2\/pages\/166","targetHints":{"allow":["GET"]}}],"collection":[{"href":"https:\/\/test.luqaleather.com\/index.php?rest_route=\/wp\/v2\/pages"}],"about":[{"href":"https:\/\/test.luqaleather.com\/index.php?rest_route=\/wp\/v2\/types\/page"}],"author":[{"embeddable":true,"href":"https:\/\/test.luqaleather.com\/index.php?rest_route=\/wp\/v2\/users\/1"}],"replies":[{"embeddable":true,"href":"https:\/\/test.luqaleather.com\/index.php?rest_route=%2Fwp%2Fv2%2Fcomments&post=166"}],"version-history":[{"count":12,"href":"https:\/\/test.luqaleather.com\/index.php?rest_route=\/wp\/v2\/pages\/166\/revisions"}],"predecessor-version":[{"id":674,"href":"https:\/\/test.luqaleather.com\/index.php?rest_route=\/wp\/v2\/pages\/166\/revisions\/674"}],"wp:attachment":[{"href":"https:\/\/test.luqaleather.com\/index.php?rest_route=%2Fwp%2Fv2%2Fmedia&parent=166"}],"curies":[{"name":"wp","href":"https:\/\/api.w.org\/{rel}","templated":true}]}}